28/42). What is the remainder when (-7 - o) + -3 + 56 is divided by 9?
7
Let j be 7/2*(-1946)/(-49). Suppose -i - 74 = -v, 9*v - 11*v - i = -j. Calculate the remainder when v is divided by (-47)/(-2) + 2/4.
23
Let v = 18260 - 17652. Calculate the remainder when v is divided by 29.
28
Let c = -1143 - -1149. Let u = -7 - -5. Calculate the remainder when 4 is divided by 2 - (u + (-2)/(c/(-3))).
1
Let r = 8059 - 7826. What is the remainder when r is divided by 144?
89
What is the remainder when 1030 is divided by (-2)/3*(-79 - -67)?
6
Let t(n) = 323*n**2 + 2*n - 2. Suppose 0 = -62*i + 58*i - 4. What is the remainder when t(i) is divided by 16?
15
Let r(w) = 4*w**2 - 20*w - 10. What is the remainder when 156 is divided by r(-4)?
22
Suppose 3*o = -12, 2*j = -2*o - o + 72. Calculate the remainder when j is divided by -12*(5/(9 - 4) + -2).
6
Let o(a) = a**3 + 55*a**2 - 304*a - 96. Calculate the remainder when 717 is divided by o(-60).
141
Let o be 0/(1 - (1 - -1)). Let w(s) = s**3 + 2*s**2 - s - 324. Let t be w(o). What is the remainder when ((-10)/(-8))/((-27)/t) is divided by 8?
7
Let h(c) = -4*c - 50. Let v be h(10). Let q = v - -94. Calculate the remainder when 140 is divided by ((576/20)/q)/((-2)/(-10)).
32
Suppose -15 = 5*s, -5*s - 2951 = -82*y + 80*y. Calculate the remainder when y is divided by 46.
42
Suppose -4*r - 371 = -k - 1599, -4*r = 4*k - 1188. What is the remainder when 523 is divided by r?
218
Let i(h) = -h**2 + 4*h + 55. Let t(l) = 2*l**2. Let p be t(0). What is the remainder when i(p) is divided by 16?
7
Calculate the remainder when 121/(176/(-16)) + 0 + 376 is divided by 181.
3
Let a(v) = 2*v**3 + 30*v**2 - 34*v - 30. Let g be a(-16). What is the remainder when 544/(-170)*(-65)/g is divided by 14?
6
Let g(t) = t**2 + 6*t + 32. Let h be g(0). Suppose 27*q + 580 = h*q. Calculate the remainder when q is divided by 33.
17
Let y(d) = -d + 19. Let v be y(15). Suppose 3*n + 3*z = 72, n - z = -3*n + 81. Suppose n + 11 = v*f. Calculate the remainder when 13 is divided by f.
5
Let z(g) = -10*g**2 - 12*g + 11. Let a(d) = -28*d**2 - 37*d + 32. Let i(x) = 6*a(x) - 17*z(x). What is the remainder when 77 is divided by i(10)?
2
Let f(k) = 25*k**2 - k - 14. Let a be f(-3). Let n = a - 186. Calculate the remainder when 82 is divided by n.
26
Let n = -46 + 50. Suppose -4*w - g = -263, -4*w = -w + n*g - 194. Suppose 20 = -w*d + 70*d. What is the remainder when 22 is divided by d?
2
What is the remainder when 421 - 439 - (1 - 305) is divided by 46?
10
Suppose 978 = 52*g - 686. Let k = 406 + -276. Calculate the remainder when k/2 - (-1 + 4) is divided by g.
30
Let c(m) = -m**2 - 8*m + 12. Let f be c(-9). Suppose f*q = -3*x - 111, -166 = -0*x + 4*x - 2*q. Let s = x - -45. What is the remainder when 6 is divided by s?
1
Let v = 158 - 193. Let j = -12 - v. What is the remainder when (-672)/(-15) - 2/(-10) is divided by j?
22
Suppose 3*m = -15, -m - 83 = a + 43. Let s = 132 + a. What is the remainder when 76 is divided by s?
10
Suppose 35*t - 1443 = -5713. Let l be (-633)/6 + (-6)/(-12). Let m = l - t. What is the remainder when m is divided by 6?
5
Suppose -4 = -2*f - 0*y - 4*y, 26 = f - 4*y. What is the remainder when 6906 is divided by f?
6
Suppose 51*b = 52*b - 1673. Suppose 7*l + b = 14*l. Calculate the remainder when l is divided by 16.
15
Let f(j) = -2 - 6*j + 1 + 2*j - 2*j + 4*j. Calculate the remainder when 17 is divided by f(-5).
8
Let x(b) = -4*b**3 - 6*b**2 - 4*b - 2. Let r = 5729 - 5688. What is the remainder when r is divided by x(-2)?
13
Suppose 7*d + 29 = 1814. Calculate the remainder when d is divided by 114.
27
Suppose -3*u = 2 + 7, -5*u = -3*v - 24. Let n = 2 - v. Calculate the remainder when 27 + 1 - (-1 + 0) is divided by n.
14
Let y be 2/(-1 + (-25)/(-15)). Suppose -2*w + 108 = 4*z, -z + y = 4. Suppose 4*o - 360 = -w. Calculate the remainder when o is divided by 13.
11
Let d(i) = i**3 - 7*i**2 + 7*i - 6. Let r be d(9). Suppose r = u - z, 0 = 13*u - 12*u + z - 211. What is the remainder when u is divided by 24?
23
Let w(p) = 2*p**3 - 3*p**2 - p - 4. Let u(v) = v**3 + 3*v**2 - 20*v - 7. Suppose 5*i - 4 = -34. Let r be u(i). What is the remainder when w(r) is divided by 28?
26
Suppose -230 + 26 = -2*l. Suppose 16*s = 18*s - 5*c - 89, -136 = -4*s + 4*c. What is the remainder when l is divided by s?
21
Suppose -3499 = 9*d + 9*d - 26269. What is the remainder when d is divided by 27?
23
Suppose 30*x + 3605 = 206*x - 37227. Calculate the remainder when x is divided by 44.
12
Suppose 2*h + 0*h = -2*w + 106, -2*w + 206 = 4*h. Suppose -6*m - 63 + 51 = 0. Calculate the remainder when m*(-3)/(-6) + (h - 1) is divided by 26.
22
Let i(h) = 6*h + 22. Let l be i(-3). Suppose -5*x - 15 = 0, 0 = 9*k - l*k - x - 1758. Calculate the remainder when k is divided by 71.
67
Let g = 370 - 342. Calculate the remainder when (5*1)/(-8 + 238/g) is divided by 7.
3
Suppose -22 = -5*u + 4*s, 5*u + 5*s - 21 = 19. Calculate the remainder when 396 is divided by u.
0
Let a = -12180 + 12344. Calculate the remainder when 578 is divided by a.
86
Suppose 0 = -u + 2*o - 6*o + 20, 3*u - 10 = -2*o. Suppose u = 5*q - 5*r - 25, 2*q - 2*r - 4 = q. What is the remainder when 75*(-2)/(-2 + 0) is divided by q?
3
Suppose -8*w = -6*w - 4. Suppose -3*o + w*x = -308, 4*x = -o + 55 + 71. Suppose 3*u = -g + o, -g + 5*g - 4 = 0. What is the remainder when u is divided by 6?
5
Let c = -301 + 640. Suppose 565 = 5*h - j + 5*j, -5*j - c = -3*h. Let i = -95 + h. What is the remainder when i is divided by 10?
8
Let y(k) = k**2 + 30*k - 375. What is the remainder when y(10) is divided by 15?
10
Suppose 0 = 3*z - 4*x - 3596, -9*z - 5*x - 4846 = -15702. What is the remainder when z is divided by 93?
88
Let u = -10575 - -10673. What is the remainder when 3133 is divided by u?
95
Suppose 0 = 5*p - 8 - 2. Suppose 0 = -6*g + p*g + 108. What is the remainder when 317/4 + 2/(-64)*8 is divided by g?
25
Suppose 485*p - 489*p = -24. Calculate the remainder when 549 is divided by ((-9)/p)/(-2 + (-985)/(-500)).
49
Let v(u) = 2*u**2 + 5*u + 4. Suppose -3*r - 5*l + 147 = 0, 3*l - 2*l - 267 = -5*r. Suppose 3*n = -0*n + r. What is the remainder when v(-7) is divided by n?
13
Let f be 7 - 2 - -3 - -1. Suppose 11*a = f*a + 28. What is the remainder when 47 is divided by a?
5
Suppose 2*i - 207 = -5*q, 13*i - 2*q = 15*i - 198. Calculate the remainder when 4799 is divided by i.
95
Let u(q) = -q**2 - 225*q - 1658. Calculate the remainder when 1211 is divided by u(-8).
41
Let u(s) = -2*s**2 - 155*s - 524. Calculate the remainder when 908 is divided by u(-73).
110
Let b be ((-20)/12 - 8/(-12))*3. Calculate the remainder when 89 is divided by 32 + (b - (0 - 3)) - 1.
27
Let n = -6388 + 6503. What is the remainder when 668 is divided by n?
93
Calculate the remainder when (-372)/(-62)*(-586)/(-12) is divided by 76.
65
Let a be -1*(-3 + (-14)/(-2)). Let o be a + (4 - -20) + -2. Suppose -2*k + o = 4. Calculate the remainder when k is divided by 3.
1
Suppose 3*w - w - 36 = -5*d, -3*d = 0. Let z(m) = -301*m + 12088. What is the remainder when z(40) is divided by w?
12
Let j = -532 - -587. Let r be 32/(-24)*3/(-1). Calculate the remainder when j is divided by r/3 + (-85)/(-15).
6
Suppose 4*x = -a + 291, 2*a - 33 = -x + 38. Suppose -15*o = 51*o - 3*o - 2016. What is the remainder when x is divided by o?
9
Let q be (55/(-55))/((2/6)/(-1)). Suppose 0 = -z - 0*z - 5*g + 6, -18 = -q*z - 5*g. Calculate the remainder when 107 is divided by z.
5
Let n(f) = -f**3 - f**2 - f - 4. Let c = 61 + 167. Let i = 237 - c. Calculate the remainder when n(-3) is divided by i.
8
Let v(b) = 8*b**3 + 12*b - 31. What is the remainder when v(4) is divided by 44?
1
Suppose -34*f + 182 = -90. Calculate the remainder when 55 is divided by f.
7
Let a be 128 - (2 - (1 + -6)). Suppose 5*v - a = 719. What is the remainder when v is divided by 10?
8
Let x(b) be the third derivative of b**5/30 - 13*b**3/6 - 24*b**2. What is the remainder when x(-4) is divided by 18?
1
Let s(p) = -p**3 + 12*p**2 + 45*p + 30. Let c = 1556 + -867. Calculate the remainder when c is divided by s(15).
29
Let h be 4 + (-4 - (-8)/4). Suppose 0 = o - 3 - h. Let q = 20 - o. Calculate the remainder when 72 is divided by q.
12
Suppose 5*d - 358 = 3*x - 170, 3*x = 4*d - 151. Calculate the 